 2*l + 4 = 3*u + 1, -u = 2*l - 9. Is r(u) a composite number?
False
Let y = 213 + -134. Is y a composite number?
False
Is ((-4)/2)/(36/(-24498)) a composite number?
False
Suppose -4*r - 573 = 3*t - r, 5*r = -4*t - 759. Let o = t - -472. Suppose 0 = f + 3*f - o. Is f a prime number?
False
Suppose -4*q = q + 3*d - 381, -2*q = -3*d - 165. Suppose -5*s = 17 + q. Let p = -10 - s. Is p a prime number?
False
Let v be 6675/(4 - 1) - 4. Suppose 1796 = 4*r - 4*o, 3*r + 2*r - v = -3*o. Is r composite?
True
Let w be 0 + 6*(-6)/9. Let f(z) = -z**2 - 6*z - 4. Let h be f(w). Let j = h - -7. Is j prime?
True
Let y(i) = -i**3 - 2*i**2 - i + 1. Let u be y(-2). Let l(g) = u - 2 + 7*g**2 + 2*g + 0. Is l(2) composite?
True
Is 2/(2/(-1)) + 235 + 20 composite?
True
Let q(x) be the second derivative of -3*x**5/5 + x**4/3 + 2*x**3/3 + x**2 - 4*x. Is q(-2) prime?
False
Suppose -4*n + 431 = -3*n. Is n a composite number?
False
Suppose 8791 - 49714 = -9*u. Is u a prime number?
True
Suppose -4*s = -3*p + 1110, p - 365 = 4*s - s. Suppose p = 5*g + 119. Is g composite?
True
Let s = -920 + 1331. Is s a composite number?
True
Let g be 2/1 + (-36 - 2). Let a = g - -51. Is a composite?
True
Suppose -18 = -3*a + 15. Is a a composite number?
False
Suppose 0 = 3*y + 10 - 52. Is y composite?
True
Let b = 3 + -6. Is 114/2 - (b + 1) a composite number?
False
Let x(z) = 32*z - 3. Let v(n) = -31*n + 4. Let h(m) = 2*v(m) + 3*x(m). Let l be 3/(-1)*2/(-3). Is h(l) composite?
False
Let r = 10 - 8. Is (-12 + r)*(-52)/8 prime?
False
Let x = -550 + 819. Suppose -254 - 666 = -5*z. Let w = x - z. Is w composite?
True
Let c be (78/(-10))/(3/(-45)). Let u(r) = 10*r**3 + 4*r**2 + 2*r - 2. Let q be u(-2). Let g = q + c. Is g composite?
False
Let y = 7 + -3. Suppose -4*x + x = 4*t - 29, -14 = -2*x - y*t. Is x a composite number?
True
Let z be 192/14 + 2/7. Let o be ((-48)/28)/((-1)/z). Suppose 2*h - 134 = o. Is h a prime number?
True
Suppose 2*m - 8 = 0, 0*m - 2*m - 61 = -3*d. Let k = d - 10. Is k a composite number?
False
Let a(t) = 28*t + 1. Let s be a(1). Suppose -u - s - 211 = 0. Let j = u + 397. Is j composite?
False
Let d(j) = 5*j**2. Let x be d(-1). Suppose -22 = x*k - 52. Suppose -n + 3*v = -12, -5*n + v - k*v = -80. Is n prime?
False
Let q(d) = -7*d**2 + 19*d - 2. Let b(u) = 11*u**2 - 29*u + 3. Let t(w) = 5*b(w) + 8*q(w). Is t(5) a composite number?
True
Suppose 4*m - 17 = -3*s, -5*m + 17 = s + 4. Suppose -2*v + 5*h = -96, s*v + v = h + 192. Let x = v + -26. Is x a composite number?
True
Suppose -16 = -a - 3*a. Is a/(-18) + 33985/45 a composite number?
True
Let y = 9 + -9. Suppose 7*d - 3*d = -5*f + 30, y = 4*f - 5*d + 17. Suppose -4*j - f*c + 118 = 0, -j = 2*c - 7*c - 46. Is j prime?
True
Suppose 29 = 3*y + 4*v, 5*y + 2*v = 5*v. Suppose -y*q = -0 + 3. Is 153/3 - (-3 - q) a composite number?
False
Let v = 5 - 3. Let j = -11 + 18. Suppose -v*l + 14 = 2*o, -l = 3*o - j*o + 13. Is l prime?
True
Suppose 3*i - 8*i = -10. Suppose i*v + v - 4*y - 222 = 0, 0 = 5*v + 5*y - 370. Is v composite?
True
Let u(g) = -211*g**3 + g + 1. Is u(-1) composite?
False
Let g = -10 - -41. Let j = g - -4. Is j a prime number?
False
Let w be 2/(-4) + 3/2. Let j(d) = 235*d. Let g be j(w). Suppose m + g = 6*m. Is m a prime number?
True
Suppose -2 - 8 = -5*g. Let s(b) = b**3 - b**2 - 3*b + 2. Let u be s(g). Suppose u = -0*n + n - 5*p - 57, -4*n + 196 = -4*p. Is n composite?
False
Let w(k) = -3*k. Let j be w(2). Let i = -153 - 0. Is i/(-2) + (-3)/j a prime number?
False
Let b = -55 + 37. Let y = b - -25. Is y prime?
True
Suppose 4*c + 1 = h - 0, 0 = -h - 5*c - 8. Let m(s) = -s - 2. Let x be m(h). Is x/3 - (-38)/3 prime?
True
Let m = 179 + -102. Is m a prime number?
False
Let q(o) = 4*o**2 + 16*o - 77. Is q(12) a prime number?
True
Suppose 0 = -2*l + 5*t - 15, 0*l = 4*l + 5*t - 15. Suppose -b - 1 = 4*z, -b + 3*z = -l*z - 27. Suppose -m = b - 68. Is m prime?
True
Let f be 3*2/(18/15). Suppose -26 = -0*b - b + f*s, b = 3*s + 26. Suppose 2 + b = 2*j. Is j a composite number?
True
Let l = -4 - -2. Is (l + 1)/((-2)/74) a composite number?
False
Let t(u) = -3*u - 2. Let k = -1 - 1. Let f be t(k). Suppose -5*h - g = -2*g - 20, f = -2*h - 2*g. Is h composite?
False
Suppose 0 = 5*u + b + b - 263, -3*u + 2*b = -145. Let d = 81 + -5. Let m = d + u. Is m a prime number?
True
Suppose 2*i + 8 = 0, 4*q - 4*i - 18 - 10 = 0. Let l be (0 + 0)*(-4 + q). Suppose -o + 6*o - 385 = l. Is o composite?
True
Suppose 210 = 5*h + 25. Is h a prime number?
True
Suppose -8*v + 3*v = -3*j + 6, 0 = 3*j + 5*v + 24. Is -149*4/(j - 1) prime?
True
Let q be (2/(-6))/(6/(-1422)). Suppose q = 5*s - 106. Is s a prime number?
True
Let f(b) = b + 7. Let h be f(-4). Let y be (h - 1) + (0 - -1). Suppose y*j = j + 254. Is j a composite number?
False
Let c(a) = -1 - 2*a + 2 - 3*a. Let s = -3 - -1. Is c(s) prime?
True
Let g = 48 - -35. Suppose j = -0*j + g. Is j a composite number?
False
Is (-4 + 3 + 1392)*2/2 a composite number?
True
Suppose d = -2*v + 104, -4*d - 2*v + 0*v + 422 = 0. Let b = d - 39. Is b prime?
True
Let i(z) = -z**3 - 4*z**2 + z + 3. Let a = -2 + -3. Is i(a) composite?
False
Let c(g) = -g**2 - 7*g - 6. Let n be c(-5). Suppose -4*b + 6*b + 8 = 3*d, -n*b + 12 = d. Is b/5 + (-966)/(-10) a prime number?
True
Let s(q) = q**2 + q - 1. Let z be s(-4). Let m = 15 - z. Suppose 16 - m = 4*k, 5*h - 184 = -3*k. Is h a composite number?
True
Let p(b) = -b**3 - 10*b**2 - 8*b + 11. Let t be p(-9). Suppose w = -t*w + 429. Is w composite?
True
Let s be (-2)/((-8)/(-2))*-6. Is 316*s/(12/2) a prime number?
False
Suppose -3214 + 299 = -5*n. Is n composite?
True
Suppose f - 4*v - 14 = 2*f, 0 = f - 3*v - 14. Suppose l + 4*j - 23 = 0, l - 4 = -2*l + j. Suppose l*i = c - 32, f*i - 15 = -i. Is c prime?
True
Suppose 6*d - 5 = -5*a + d, 0 = -5*d + 15. Is 708/20 + a/5 prime?
False
Is (-2 - -156) + (5 - 1) a composite number?
True
Is (-5 - (-91)/14)*2918/3 composite?
False
Suppose -35 = -2*x + 3*m, 1 - 3 = -2*m. Is x composite?
False
Let f = 253 + -105. Let u be (2 + -3 - 2) + f. Let n = -96 + u. Is n composite?
True
Let q(d) = 3*d + 1. Let b be q(1). Suppose -5*m = -3*t + 15, b*t + 2*m - 56 = -t. Is t a prime number?
False
Suppose -3*u + 2*y + 476 = 0, -y = 2*u - 0*y - 322. Suppose d = o + 45, 2*o - u = 4*d - 7*d. Let q = d - -3. Is q a prime number?
True
Is 1*-2 + (-1930)/(-10) prime?
True
Suppose -5*y = -545 - 400. Suppose -y = -3*r + 816. Is r a prime number?
False
Let x(v) = 31*v**3 - 7*v**2 + 19*v + 1. Is x(4) a composite number?
False
Let j(s) = 0*s - 4*s + s + 1. Suppose k + 3*k = -24. Is j(k) prime?
True
Let k(x) = -x**2 - x + 139. Is k(0) a prime number?
True
Suppose s - 513 = 2*w, -5*s + 2*w + 2597 = -0*w. Is s prime?
True
Let d = -118 - -455. Is d a prime number?
True
Let a(w) be the first derivative of -w**4/4 - 3*w**3 + 3*w**2 + 10*w + 1. Let b be a(-7). Is (b/(-15))/((-4)/(-6)) composite?
False
Let s = 4 - 1. Suppose s*k - 2*k - 5 = 0. Suppose 8 = -k*i + 193. Is i composite?
False
Suppose -t = 3*l + t - 2, 3*l + 3*t = -3. Let p be ((-28)/5)/(l/(-110)). Suppose 0*c = -2*c + p. Is c composite?
True
Let a = 66 - -57. Let q = 282 - a. Is (q/6*2)/1 a prime number?
True
Suppose -4*f = -g + f - 72, f = 2*g + 189. Let s be (g/2)/((-2)/4). Let m = s - 0. Is m a composite number?
False
Is -1*3/(9/(-831)) a composite number?
False
Let p(n) = -n - 1. Let z = -4 - -1. Let f be p(z). Suppose f*v + 2*d = 160 + 272, 4*v + 2*d = 854. Is v prime?
True
Suppose -3*b - 2*b = 3*w + 98, -26 = w + 5*b. Let u = 71 + w. Is u a composite number?
True
Suppose -3*o + 6*h - 2*h = -173, 0 = -h - 5. Is o composite?
True
Let g(x) = -x + 5. Let w be g(6). Let z be -112*(1 - w)/(-2). Suppose 0 = 2*d - 4*i - 26, -z = -4*d - 0*d - 4*i. Is d a composite number?
False
Suppose n - 2*t = -4*t + 172, -5*t + 172 = n. Suppose 3*u - n = 35. Is u a prime number?
False
Let i = 20 + -7. Suppose i = 4*c - 35. Suppose 88 = 4*k + c. Is k a prime number?
True
Suppose 3*r - r = -54. Let m = r + 19. Let c = -2 - m. Is c a prime number?
False
Let h = -81 - -117. Suppose 2*r - h = 32. Is r prime?
False
Suppose 197 = 3*b + 2*b - 3*l, 2*l - 103 = -3*b. Suppose -5*h + 3 = 8, -29 = -i + 3*h. Let c = b - i. Is c composite?
False
Suppose -4*p + 5*p = -2. Let o(d) = -1. Let m(t) = -107*t - 4. Let f(x) = m(x) - o(x). Is f(